at is the greatest common factor of 196 and 389452?
196
What is the greatest common divisor of 16984 and 4268?
44
What is the highest common divisor of 17973 and 63?
9
What is the highest common divisor of 8 and 246232?
8
Calculate the highest common divisor of 170 and 7395.
85
Calculate the greatest common factor of 47 and 404435.
47
Calculate the highest common divisor of 6737946 and 547.
547
Calculate the highest common divisor of 94 and 255022.
94
Calculate the greatest common factor of 31 and 772272.
31
Calculate the highest common divisor of 79 and 1412836.
79
What is the highest common factor of 989310 and 21?
21
Calculate the greatest common factor of 315 and 29988.
63
What is the highest common divisor of 24 and 3786?
6
What is the highest common factor of 212380 and 210?
70
What is the greatest common divisor of 276354 and 18?
18
What is the greatest common factor of 43 and 81?
1
What is the greatest common divisor of 1843381 and 23?
23
Calculate the highest common factor of 1342525 and 1941.
647
Calculate the highest common factor of 472 and 134933.
59
Calculate the highest common divisor of 6025 and 1996685.
1205
What is the greatest common factor of 597069 and 2664?
333
What is the greatest common factor of 1125310 and 215?
215
What is the highest common factor of 879696 and 2583?
369
What is the highest common divisor of 74 and 2118583?
37
Calculate the greatest common divisor of 50 and 16580.
10
What is the highest common divisor of 1507994 and 2012?
1006
What is the highest common factor of 84968 and 76?
76
What is the highest common factor of 654 and 57770?
218
Calculate the greatest common factor of 179347 and 35.
7
What is the greatest common factor of 418 and 6384?
38
Calculate the greatest common divisor of 3270124 and 22.
22
Calculate the greatest common factor of 17336 and 2024.
88
What is the highest common factor of 1920 and 344820?
60
Calculate the greatest common factor of 410 and 57482.
82
Calculate the highest common divisor of 4921 and 30172.
19
What is the highest common factor of 2178 and 3168?
198
What is the greatest common factor of 204906 and 114?
6
What is the greatest common divisor of 5082 and 8382?
66
What is the greatest common factor of 363 and 511368?
33
Calculate the greatest common factor of 247 and 157985.
19
What is the greatest common divisor of 2664 and 9546?
222
Calculate the greatest common divisor of 108 and 158364.
36
Calculate the highest common factor of 403 and 15903.
31
What is the highest common factor of 48329 and 93?
31
What is the greatest common factor of 89768 and 424?
8
What is the highest common divisor of 74905 and 355?
355
Calculate the highest common divisor of 2506 and 55490.
358
What is the highest common factor of 4080 and 3700?
20
What is the highest common factor of 1440 and 1679520?
480
Calculate the greatest common divisor of 192385 and 6707.
353
Calculate the greatest common factor of 351 and 6534.
27
What is the highest common factor of 831 and 1592196?
831
Calculate the highest common divisor of 350 and 470.
10
Calculate the highest common factor of 20708 and 2852.
124
Calculate the greatest common factor of 2507055 and 11367.
1263
What is the highest common divisor of 11205 and 4860?
135
What is the greatest common divisor of 10192 and 9256?
104
What is the highest common factor of 1660 and 500?
20
Calculate the highest common divisor of 798835 and 591.
197
What is the greatest common factor of 8504552 and 399?
133
Calculate the highest common divisor of 86 and 329638.
86
Calculate the greatest common divisor of 12175 and 1525.
25
What is the greatest common factor of 1924 and 6623?
37
Calculate the greatest common divisor of 179773 and 1298.
649
What is the greatest common divisor of 16 and 344?
8
What is the highest common factor of 1905 and 2076?
3
What is the greatest common factor of 2074 and 56547?
61
Calculate the greatest common divisor of 308 and 3388154.
154
What is the highest common divisor of 450 and 8475?
75
What is the highest common divisor of 350140 and 244?
244
What is the highest common factor of 314714 and 424?
106
What is the greatest common factor of 495 and 13599?
9
What is the highest common factor of 59 and 889602?
59
What is the greatest common divisor of 522522 and 52?
26
Calculate the greatest common factor of 19 and 1117.
1
Calculate the greatest common divisor of 273 and 129.
3
What is the highest common divisor of 1521765 and 315?
315
What is the highest common factor of 1414 and 529442?
202
What is the greatest common factor of 15 and 56100?
15
Calculate the greatest common factor of 748 and 278188.
68
Calculate the greatest common divisor of 2 and 799768.
2
What is the greatest common divisor of 203942 and 107?
107
Calculate the greatest common factor of 2812 and 217856.
148
Calculate the highest common factor of 18818 and 10.
2
What is the highest common divisor of 9338 and 7406?
322
Calculate the highest common factor of 184 and 25768.
8
What is the greatest common divisor of 551906 and 3424?
214
Calculate the greatest common factor of 251416 and 4312.
88
Calculate the greatest common divisor of 954 and 666.
18
What is the greatest common factor of 782670 and 840?
210
What is the highest common factor of 1411631 and 52?
13
What is the highest common factor of 33431 and 1919?
101
Calculate the greatest common factor of 6677 and 6017.
11
Calculate the highest common factor of 22442 and 18.
2
What is the greatest common divisor of 4118 and 12780?
142
What is the greatest common factor of 215 and 685?
5
Calculate the highest common divisor of 48 and 41604.
12
What is the greatest common factor of 401424 and 704?
16
Calculate the greatest common factor of 2409 and 97236.
219
What is the highest common factor of 152 and 16064?
8
Calculate the greatest common factor of 14850 and 792.
198
What is the greatest common divisor of 1789 and 11?
1
Calculate the highest common factor of 35 and 2578310.
35
Calculate the greatest common divisor of 1995253 and 124.
31
Calculate the highest common factor of 2007108 and 127.
127
Calculate the highest common factor of 72 and 31632.
24
Calculate the highest common divisor of 47232 and 4674.
246
What is the greatest common divisor of 1236100 and 526?
526
Calculate the greatest common divisor of 4806 and 6052.
178
Calculate the highest common factor of 3530 and 3610.
10
What is the highest common factor of 4304 and 2873996?
1076
Calculate the highest common divisor of 304928 and 3744.
416
Calculate the greatest common divisor of 91 and 70616.
91
Calculate the greatest common factor of 52 and 17524.
52
What is the highest common factor of 76 and 367441?
19
Calculate the greatest common divisor of 798113 and 107.
107
Calculate the highest common divisor of 2039976 and 406.
58
What is the highest common divisor of 3918 and 168?
6
What is the highest common factor of 50039 and 209?
11
What is the highest common divisor of 730 and 135?
5
What is the greatest common divisor of 1165 and 75?
5
Calculate the highest common divisor of 156222 and 9.
9
Calculate the greatest common divisor of 162711 and 3401.
179
What is the highest common factor of 2171145 and 75?
15
What is the highest common divisor of 321 and 552762?
321
What is the greatest common divisor of 14446 and 1116?
62
What is the greatest common divisor of 1682 and 89842?
58
Calculate the highest common divisor of 2440 and 11840.
40
What is the greatest common divisor of 190 and 10810?
10
Calculate the highest common divisor of 120 and 54024.
24
Calculate the highest common divisor of 1845 and 26199.
369
Calculate the highest common divisor of 11730 and 210.
30
What is the greatest common divisor of 110 and 14795?
55
Calculate the highest common divisor of 9 and 730.
1
Calculate the highest common divisor of 86368 and 1248.
32
Calculate the highest common factor of 712 and 152991.
89
Calculate the highest common factor of 610 and 5950.
10
Calculate the greatest common factor of 212320 and 35.
5
What is the greatest common factor of 3 and 4287?
3
Calculate the greatest common factor of 282 and 409182.
282
Calculate the greatest common factor of 597200 and 65.
5
What is the highest common divisor of 354 and 94046?
118
What is the greatest common divi